{"id":30414,"date":"2017-06-12T09:39:53","date_gmt":"2017-06-12T12:39:53","guid":{"rendered":"http:\/\/www.encontrabrooklin.com.br\/blog\/?page_id=30414"},"modified":"2025-03-25T11:42:25","modified_gmt":"2025-03-25T14:42:25","slug":"sobre-o-brooklin","status":"publish","type":"page","link":"https:\/\/www.encontrabrooklin.com.br\/sobre\/","title":{"rendered":"Sobre o Brooklin"},"content":{"rendered":"\n<p><img loading=\"lazy\" decoding=\"async\" width=\"556\" height=\"197\" class=\"alignnone size-full wp-image-30415\" style=\"width: 100%; height: auto;\" src=\"http:\/\/www.encontrabrooklin.com.br\/sobre\/wp-content\/uploads\/2017\/06\/bairro-do-brooklin.jpg\" alt=\"\" srcset=\"https:\/\/www.encontrabrooklin.com.br\/sobre\/wp-content\/uploads\/2017\/06\/bairro-do-brooklin.jpg 556w, https:\/\/www.encontrabrooklin.com.br\/sobre\/wp-content\/uploads\/2017\/06\/bairro-do-brooklin-300x106.jpg 300w\" sizes=\"auto, (max-width: 556px) 100vw, 556px\" \/><\/p>\n<p>O <strong>Brooklin<\/strong> (ori\u00fando do bairro americano e que em alem\u00e3o da Idade M\u00e9dia significa ponte pequena) \u00e9 um<br \/>\nbairro dividido entre os distritos do <a href=\"http:\/\/www.encontraitaim.com.br\/\" target=\"_blank\" rel=\"noopener noreferrer\">Itaim Bibi<\/a> e de <a href=\"http:\/\/www.encontrasantoamaro.com.br\/\" target=\"_blank\" rel=\"noopener noreferrer\">Santo Amaro<\/a> em S\u00e3o Paulo, capital do estado brasileiro hom\u00f4nimo.Os limites oficiais<br \/>\ns\u00e3o as margens do Rio Pinheiros (Marginal Pinheiros), a Avenida dos Bandeirantes, a rua Roque Petroni Junior e a Avenida<br \/>\nWashington Luis.<\/p>\n<p>O <a href=\"\/\">Bairro Brooklin<\/a> era tradicionalmente administrado pela subprefeitura de Santo Amaro at\u00e9 2002, quando<br \/>\numa parte do bairro (Brooklin velho) foi transferido pela <a href=\"http:\/\/www.encontrapinheiros.com.br\/pinheiros\/subprefeitura-do-pinheiros.shtml\" target=\"_blank\" rel=\"noopener noreferrer\">subprefeitura de Pinheiros<\/a>.<\/p>\n<p>Originalmente chamado de <a href=\"\/\">Brooklin<\/a>, o bairro cresceu ate ser separado hoje entre o Brooklin Velho e o<br \/>\nBrooklin Novo. Atualmente \u00e9 conhecido por ser um dos bairros mais valorizados da cidade, com grandes conjuntos<br \/>\nempresariais e uma agitada vida noturna, com suas casas noturnas. Al\u00e9m de ficar h\u00e1 quase 10 Km do <a href=\"http:\/\/www.mercadomunicipalsp.com\/\" target=\"_blank\" rel=\"noopener noreferrer\">Mercad\u00e3o de SP<\/a>.<\/p>\n<p>Para homenagear a comunidade de moradores deste maravilho bairro, o <a href=\"https:\/\/www.encontrasaopaulo.com.br\/\" target=\"_blank\" rel=\"noopener noreferrer\">Encontra S\u00e3o Paulo<\/a> criou o <a href=\"\/\">Encontra Brooklin<\/a> na cidade<br \/>\nde S\u00e3o Paulo.<\/p>\n<h2>Limites &#8211; Bairros Vizinhos &#8211; <a href=\"http:\/\/www.zonasulsp.com.br\/\" target=\"_blank\" rel=\"noopener noreferrer\">Zona<br \/>\nSul<\/a><\/h2>\n<p><a title=\"Vila Ol\u00edmpia\" href=\"http:\/\/www.encontravilaolimpia.com.br\/\" target=\"_blank\" rel=\"noopener noreferrer\">Vila<br \/>\nOl\u00edmpia<\/a>, <a title=\"Morumbi\" href=\"http:\/\/www.encontramorumbi.com.br\/\" target=\"_blank\" rel=\"noopener noreferrer\">Morumbi<\/a>, <a title=\"Ch\u00e1cara Santo Ant\u00f4nio\" href=\"http:\/\/www.encontrasp.com.br\/chacara-santo-antonio\" target=\"_blank\" rel=\"noopener noreferrer\">Ch\u00e1cara Santo<br \/>\nAnt\u00f4nio<\/a>, <a title=\"Campo Belo\" href=\"http:\/\/www.encontracampobelo.com.br\/\" target=\"_blank\" rel=\"noopener noreferrer\">Campo Belo<\/a>, <a title=\"Campo Limpo\" href=\"http:\/\/www.encontracampolimpo.com.br\/\" target=\"_blank\" rel=\"noopener noreferrer\">Campo Limpo<\/a> e <a title=\"Santo Amaro\" href=\"http:\/\/www.encontrasantoamaro.com.br\/\" target=\"_blank\" rel=\"noopener noreferrer\">Santo Amaro<\/a>. Margens do<br \/>\n<a title=\"Rio Pinheiros\" href=\"http:\/\/www.encontrapinheiros.com.br\/pinheiros\/rio-pinheiros.shtml\" target=\"_blank\" rel=\"noopener noreferrer\">Rio Pinheiros<\/a> (Marginal Pinheiros), a <a title=\"Avenida dos Bandeirantes\" href=\"http:\/\/www.encontrasp.com.br\/moema\/guia-de-ruas\/avenida-dos-bandeirantes.html\" target=\"_blank\" rel=\"noopener noreferrer\">Avenida dos Bandeirantes<\/a>, a <a title=\"Rua Roque Petroni Junior\" href=\"http:\/\/www.encontrasp.com.br\/itaim-bibi\/guia-de-ruas\/avenida-roque-petroni-junior.html\" target=\"_blank\" rel=\"noopener noreferrer\">Rua Roque Petroni Junior<\/a> e a <a title=\"Avenida Washington Luis\" href=\"http:\/\/www.encontrasp.com.br\/campo-belo\/guia-de-ruas\/avenida-washington-luis.html\" target=\"_blank\" rel=\"noopener noreferrer\">Avenida Washington Luis<\/a>.<\/p>\n<h3>Pontos Tur\u00edsticos<\/h3>\n<p><img loading=\"lazy\" decoding=\"async\" class=\"size-full wp-image-30450 alignleft\" src=\"http:\/\/www.encontrabrooklin.com.br\/sobre\/wp-content\/uploads\/2017\/06\/ponte-estaiada-small.jpg\" alt=\"\" width=\"98\" height=\"130\" \/>\u00a0<img loading=\"lazy\" decoding=\"async\" class=\"size-full wp-image-30451 alignleft\" src=\"http:\/\/www.encontrabrooklin.com.br\/sobre\/wp-content\/uploads\/2017\/06\/wtc-small-no-brooklin.jpg\" alt=\"\" width=\"98\" height=\"130\" \/><\/p>\n<p>&nbsp;<\/p>\n<p>&nbsp;<\/p>\n<p>&nbsp;<\/p>\n<p><strong><u>Destaque<\/u><\/strong><br \/>\n<strong>Ponte Estaiada<\/strong><br \/>\nA Ponte Estaiada Oct\u00e1vio Frias de Oliveira, conhecida popularmente apenas como Ponte Estaiada corresponde \u00e0 parte do<br \/>\nComplexo Vi\u00e1rio Real Parque formada por duas pistas estaiadas em curvas independentes de 60\u00ba que cruzam o rio Pinheiros,<br \/>\nno bairro do <a href=\"\/\">Brooklin<\/a>, na cidade de S\u00e3o Paulo, Brasil.<\/p>\n<h3>Dados Principais sobre o Brooklin<\/h3>\n<p><strong>Popula\u00e7\u00e3o<\/strong> 81.456 hab. (2000)<br \/>\n<strong>Renda m\u00e9dia<\/strong> R$ 4.241,57<br \/>\n<strong>IDH<\/strong> 0,953 &#8211; elevado<br \/>\n<strong>Subprefeitura<\/strong> Pinheiros<br \/>\n<strong>Regi\u00e3o Administrativa<\/strong> Sudoeste<br \/>\n<strong>\u00c1rea Geogr\u00e1fica<\/strong> 7 (Sul)<\/p>\n<h2>V\u00eddeo sobre o bairro do Brooklin<\/h2>\n<p><iframe loading=\"lazy\" style=\"width: 100%; height: 285px;\" title=\"Video sobre o Bairro do Brooklin\" src=\"http:\/\/www.youtube.com\/embed\/c7DiA8JSWXY?rel=0\" width=\"300\" height=\"150\" frameborder=\"0\" allowfullscreen=\"allowfullscreen\"><\/iframe><\/p>\n<h2>Mapa Brooklin &#8211; Ver outros: <a href=\"https:\/\/www.encontrasaopaulo.com.br\/mapa-de-sao-paulo.html\" target=\"_blank\" rel=\"noopener noreferrer\">Mapa Bairros de S\u00e3o Paulo<\/a><\/h2>\n<p><iframe loading=\"lazy\" style=\"width: 100%; height: 350px;\" src=\"http:\/\/maps.google.com.br\/maps?q=brooklin&amp;oe=utf-8&amp;client=firefox-a&amp;ie=UTF8&amp;hl=pt-BR&amp;z=14&amp;iwloc=addr&amp;ll=-23.61716,-46.672239&amp;output=embed&amp;s=AARTsJoc3oZq_W48Ug2O1i0C6Z9xjX702A\" width=\"300\" height=\"150\" frameborder=\"0\" marginwidth=\"0\" marginheight=\"0\" scrolling=\"no\"><\/iframe><\/p>\n<h2>Moradores ilustres do Brooklin<\/h2>\n<p><iframe loading=\"lazy\" style=\"border: none; overflow: hidden; width: 100%; height: 252px;\" src=\"http:\/\/www.facebook.com\/plugins\/likebox.php?href=http%3A%2F%2Fwww.facebook.com%2Fbairrobrooklin&amp;width=520&amp;colorscheme=light&amp;show_faces=true&amp;stream=false&amp;header=false&amp;height=252\" width=\"300\" height=\"150\" frameborder=\"0\" scrolling=\"No\"><\/iframe><\/p>\n\n<div style=\"font-size: 0px; height: 0px; line-height: 0px; margin: 0; padding: 0; clear: both;\"><\/div>","protected":false},"excerpt":{"rendered":"<p>O Brooklin (ori\u00fando do bairro americano e que em alem\u00e3o da Idade M\u00e9dia significa ponte pequena) \u00e9 um bairro dividido entre os distritos do Itaim Bibi e de Santo Amaro em S\u00e3o Paulo, capital do estado brasileiro hom\u00f4nimo.Os limites oficiais s\u00e3o as margens do Rio Pinheiros (Marginal Pinheiros), a Avenida dos Bandeirantes, a rua Roque Petroni Junior e a Avenida Washington Luis. O Bairro Brooklin era tradicionalmente administrado pela subprefeitura de Santo Amaro at\u00e9 2002, quando uma parte do bairro (Brooklin velho) foi transferido pela subprefeitura de Pinheiros. Originalmente chamado de Brooklin, o bairro cresceu ate ser separado hoje entre <\/p>\n","protected":false},"author":1,"featured_media":0,"parent":0,"menu_order":0,"comment_status":"closed","ping_status":"closed","template":"","meta":{"footnotes":""},"class_list":["post-30414","page","type-page","status-publish","hentry"],"aioseo_notices":[],"_links":{"self":[{"href":"https:\/\/www.encontrabrooklin.com.br\/sobre\/wp-json\/wp\/v2\/pages\/30414","targetHints":{"allow":["GET"]}}],"collection":[{"href":"https:\/\/www.encontrabrooklin.com.br\/sobre\/wp-json\/wp\/v2\/pages"}],"about":[{"href":"https:\/\/www.encontrabrooklin.com.br\/sobre\/wp-json\/wp\/v2\/types\/page"}],"author":[{"embeddable":true,"href":"https:\/\/www.encontrabrooklin.com.br\/sobre\/wp-json\/wp\/v2\/users\/1"}],"replies":[{"embeddable":true,"href":"https:\/\/www.encontrabrooklin.com.br\/sobre\/wp-json\/wp\/v2\/comments?post=30414"}],"version-history":[{"count":0,"href":"https:\/\/www.encontrabrooklin.com.br\/sobre\/wp-json\/wp\/v2\/pages\/30414\/revisions"}],"wp:attachment":[{"href":"https:\/\/www.encontrabrooklin.com.br\/sobre\/wp-json\/wp\/v2\/media?parent=30414"}],"curies":[{"name":"wp","href":"https:\/\/api.w.org\/{rel}","templated":true}]}}